 18 a factor of 527?
False
Is 29 a multiple of 3?
False
Is 4 a factor of 28700?
True
Is 4642 a multiple of 22?
True
Is 33 a factor of 11517?
True
Does 18 divide 2940?
False
Is 15477 a multiple of 106?
False
Is 1242 a multiple of 27?
True
Is 6 a factor of 299?
False
Is 7410 a multiple of 112?
False
Does 6 divide 176?
False
Is 25 a factor of 3838?
False
Is 20 a factor of 224?
False
Is 1384 a multiple of 18?
False
Is 57 a factor of 2052?
True
Does 20 divide 14976?
False
Does 11 divide 481?
False
Is 42 a factor of 10173?
False
Is 34 a factor of 1331?
False
Is 566 a multiple of 3?
False
Is 23 a factor of 96?
False
Is 454 a multiple of 3?
False
Does 12 divide 2714?
False
Is 30654 a multiple of 234?
True
Is 50 a factor of 30045?
False
Is 3040 a multiple of 10?
True
Is 440 a multiple of 44?
True
Is 11 a factor of 38696?
False
Is 44 a factor of 947?
False
Does 49 divide 8232?
True
Is 81 a factor of 1782?
True
Is 68 a factor of 3468?
True
Does 22 divide 21142?
True
Is 29616 a multiple of 47?
False
Does 17 divide 42276?
False
Does 3 divide 5843?
False
Is 468 a multiple of 7?
False
Is 8020 a multiple of 20?
True
Is 10746 a multiple of 24?
False
Does 4 divide 237?
False
Does 13 divide 10136?
False
Does 17 divide 8289?
False
Is 54 a multiple of 6?
True
Does 57 divide 285?
True
Is 26904 a multiple of 28?
False
Is 839 a multiple of 42?
False
Does 11 divide 1188?
True
Is 1407 a multiple of 21?
True
Does 57 divide 10260?
True
Is 11 a factor of 13580?
False
Is 1883 a multiple of 269?
True
Is 4 a factor of 1134?
False
Is 2136 a multiple of 24?
True
Is 14 a factor of 8302?
True
Is 44 a multiple of 5?
False
Is 7590 a multiple of 46?
True
Is 540 a multiple of 4?
True
Does 12 divide 7692?
True
Is 8 a factor of 139?
False
Is 188 even?
True
Is 1140 a multiple of 38?
True
Is 4989 a multiple of 3?
True
Does 91 divide 1600?
False
Is 21 a factor of 28877?
False
Is 1085 a multiple of 7?
True
Is 136 a multiple of 5?
False
Is 26 a factor of 11102?
True
Is 9 a factor of 6786?
True
Is 47 a multiple of 31?
False
Is 14 a factor of 4340?
True
Is 39 a factor of 13339?
False
Does 36 divide 5476?
False
Is 127 a factor of 25273?
True
Is 29 a factor of 493?
True
Is 2 a factor of 7685?
False
Is 10 a factor of 159?
False
Does 139 divide 7594?
False
Does 21 divide 2955?
False
Does 4 divide 36?
True
Is 10 a factor of 857?
False
Is 43 a factor of 3098?
False
Is 11400 a multiple of 75?
True
Is 14 a factor of 27917?
False
Does 11 divide 32175?
True
Is 1096 a multiple of 3?
False
Does 17 divide 5572?
False
Is 19 a factor of 513?
True
Does 25 divide 1225?
True
Is 14 a factor of 14546?
True
Does 10 divide 2151?
False
Is 5919 a multiple of 18?
False
Is 46 a factor of 14202?
False
Is 20 a factor of 2084?
False
Is 63 a factor of 315?
True
Is 22 a factor of 14212?
True
Is 1010 a multiple of 53?
False
Does 19 divide 702?
False
Is 9 a factor of 773?
False
Does 33 divide 15209?
False
Is 273 a factor of 45864?
True
Is 8976 a multiple of 11?
True
Is 10 a factor of 7380?
True
Is 4894 a multiple of 12?
False
Is 92 a factor of 3276?
False
Does 74 divide 4070?
True
Is 16 a factor of 11856?
True
Does 113 divide 6738?
False
Does 58 divide 37288?
False
Is 4 a factor of 2129?
False
Does 10 divide 1080?
True
Is 42 a factor of 1248?
False
Is 151 a factor of 41995?
False
Is 1870 a multiple of 12?
False
Is 6860 a multiple of 98?
True
Is 57 a factor of 1212?
False
Does 15 divide 27465?
True
Is 3424 a multiple of 102?
False
Is 331 a multiple of 25?
False
Does 6 divide 127?
False
Is 3441 a multiple of 54?
False
Does 295 divide 8671?
False
Does 12 divide 2544?
True
Is 177 a factor of 55923?
False
Does 16 divide 1632?
True
Does 88 divide 616?
True
Is 12 a factor of 5503?
False
Is 2656 a multiple of 32?
True
Does 2 divide 17?
False
Is 101343 a multiple of 14?
False
Is 102 even?
True
Is 66 a factor of 58872?
True
Does 2 divide 95?
False
Is 2500 a multiple of 125?
True
Is 136 a multiple of 6?
False
Does 11 divide 627?
True
Is 23828 a multiple of 122?
False
Is 9 a factor of 671?
False
Is 2 a factor of 1465?
False
Is 45578 a multiple of 26?
True
Is 17 a factor of 879?
False
Does 12 divide 1224?
True
Does 46 divide 10571?
False
Is 30 a factor of 780?
True
Does 527 divide 118719?
False
Does 68 divide 5848?
True
Does 66 divide 1157?
False
Is 44 a factor of 315?
False
Is 6720 a multiple of 8?
True
Is 37481 a multiple of 7?
False
Is 3 a factor of 1100?
False
Is 60 a factor of 59045?
False
Does 26 divide 25475?
False
Is 46 a factor of 4416?
True
Does 118 divide 236?
True
Does 49 divide 3953?
False
Is 1400 a multiple of 14?
True
Is 44 a factor of 962?
False
Does 11 divide 322?
False
Does 7 divide 9023?
True
Does 34 divide 1156?
True
Does 71 divide 912?
False
Is 528 a multiple of 11?
True
Is 313 a multiple of 2?
False
Does 17 divide 1405?
False
Is 3286 a multiple of 106?
True
Is 9 a factor of 190?
False
Is 12 a factor of 336?
True
Does 28 divide 13364?
False
Is 4000 a multiple of 80?
True
Is 85 a factor of 21033?
False
Does 93 divide 324?
False
Does 38 divide 8082?
False
Is 5 a factor of 4340?
True
Is 48 a factor of 3352?
False
Is 13 a factor of 5148?
True
Does 34 divide 254?
False
Is 10 a factor of 29490?
True
Is 6646 a multiple of 13?
False
Does 6 divide 98?
False
Is 17 a factor of 2700?
False
Is 293 a factor of 24612?
True
Is 33 a factor of 4435?
False
Does 21 divide 504?
True
Does 4 divide 1655?
False
Is 321 a factor of 113307?
False
Is 208 a factor of 14768?
True
Is 66148 a multiple of 90?
False
Is 17 a factor of 18220?
False
Is 1429 a multiple of 17?
False
Is 42 a factor of 15831?
False
Is 9 a factor of 13970?
False
Does 9 divide 22508?
False
Is 2 a factor of 179?
False
Does 57 divide 10944?
True
Does 77 divide 24469?
False
Does 54 divide 1498?
False
Is 12356 a multiple of 85?
False
Is 3355 a multiple of 53?
False
Is 175 a multiple of 7?
True
Does 4 divide 5056?
True
Is 231 a multiple of 6?
False
Is 220 a multiple of 20?
True
Is 2356 a multiple of 76?
True
Does 25 divide 37766?
False
Is 342 a factor of 11744?
False
Is 543 a multiple of 55?
False
Is 4176 a multiple of 16?
True
Does 24 divide 96?
True
Is 11 a factor of 3740?
True
Does 2 divide 143?
False
Does 92 divide 4980?
False
Is 3 a factor of 1757?
False
Is 11 a factor of 11968?
True
Does 20 divide 2157?
False
Does 10 divide 90?
True
Does 46 divide 1656?
True
Is 69 a factor of 18871?
False
Is 19 a factor of 2393?
False
Is 57 a factor of 1482?
True
Is 13 a factor of 1183?
True
Does 128 divide 7481?
False
Is 19 a factor of 83?
False
Does 7 divide 10054?
False
Does 15 divide 4020?
True
Is 22 a factor of 19389?
False
Is 12 a factor of 17088?
True
Does 36 divide 98352?
True
Is 2642 a multiple of 36?
False
Is 1808 a multiple of 113?
True
Is 1995 a multiple of 15?
True
Does 53 divide 31255?
False
Is 5 a factor of 8027?
False
Is 20 a factor of 23607?
False
Is 389 a factor of 22562?
True
Is 77 a factor of 298?
False
Does 2 divide 3675?
False
Does 3 divide 402?
True
Does 50 divide 337?
False
Is 1535 a multiple of 27?
False
Is 38517 a multiple of 37?
True
Is 22 a factor of 2002?
True
Is 86450 a multiple of 175?
True
Does 59 divide 794?
False
Is 833 a multiple of 7?
True
Does 4 divide 145?
False
Does 9 divide 18603?
True
Is 2520 a multiple of 36?
True
Does 275 divide 79475?
True
Is 53 a factor of 1789?
False
Does 11 divide 111?
False
Is 9730 a multiple of 7?
True
Is 4 a factor of 5863?
False
Is 13 a factor of 1971?
False
Is 17 a factor of 12294?
False
Is 6 a factor of 12?
True
Is 2990 a multiple of 10?
True
Is 48 a factor of 1152?
True
Does 25 divide 15644?
False
Is 3564 a multiple of 93?
False
Does 8 divide 296?
True
Does 13 divide 286?
True
Does 32 divide 2547?
False
Is 6 a factor of 822?
True
Is 343 a multiple of 13?
False
Is 40 a factor of 921?
False
Does 9 divide 2998?
False
Does 13 divide 154?
False
Does 11 divide 4044?
False
Is 24 a factor of 429?
False
Does 18 divide 15300?
True
Is 15 a factor of 1050?
True
Is 300 a multiple of 15?
True
Is 1218 a multiple of 29?
True
Does 83 divide 18509?
True
Is 457 a multiple of 31?
False
Does 16 divide 4160?
True
Is 66 a factor of 10824?
True
Does 171 divide 13509?
True
Is 75 a factor of 3525?
True
Does 12 divide 132?
True
Is 17 a factor of 544?
True
Does 8 divide 25825?
False
Is 538 a multiple of 3?
False
Does 10 divide 1920?
True
Is 48